0000101110010?
-1000000101110111
In base 6, what is -1204000 - 13?
-1204013
In base 13, what is 9baa45 - 3?
9baa42
In base 9, what is 1 - -10405?
10406
In base 9, what is 5 + -312256?
-312251
In base 4, what is -303 + 10303?
10000
In base 5, what is 1 + -130201143?
-130201142
In base 13, what is -1587 + 15?
-1572
In base 6, what is 134 + 2404?
2542
In base 4, what is 130223 + -230?
123333
In base 11, what is -22949 + -1?
-2294a
In base 12, what is 2887 + 458?
3123
In base 16, what is -277571 - 3?
-277574
In base 10, what is 64 - -21188?
21252
In base 4, what is -1330033 - -201?
-1323232
In base 8, what is 6 - 7673?
-7665
In base 16, what is 296 + ae?
344
In base 15, what is -1 - 39a6?
-39a7
In base 12, what is 485299 - -2?
48529b
In base 14, what is 24 - 1250?
-122a
In base 10, what is 2 + 6014?
6016
In base 14, what is 7 + -2280?
-2277
In base 7, what is 336136 - -2?
336141
In base 6, what is -4 - 3004322?
-3004330
In base 4, what is 11221210 + -12?
11221132
In base 4, what is 3 - 2122112?
-2122103
In base 2, what is -1100110 - 10100010110?
-10101111100
In base 3, what is -1111122 - -101211?
-1002211
In base 6, what is 52300244 + -1?
52300243
In base 14, what is -1503 + 25?
-14bc
In base 8, what is -24 + 53532?
53506
In base 16, what is 779 - 34?
745
In base 13, what is 400a - -1?
400b
In base 15, what is -3 + -1032?
-1035
In base 8, what is 20 - 66425?
-66405
In base 2, what is 1000001100 - 1010000?
110111100
In base 5, what is 1122221 + 2040?
1124311
In base 5, what is 3342 - 2113?
1224
In base 5, what is -4 - 341300?
-341304
In base 11, what is -5466 - -3?
-5463
In base 9, what is -4213083 - -1?
-4213082
In base 6, what is 14412 + -5?
14403
In base 11, what is 7a + -4961?
-4892
In base 9, what is -106857 - -2?
-106855
In base 11, what is 856 - -263?
1009
In base 2, what is -1100000100111111100 - -1?
-1100000100111111011
In base 16, what is 2542 - 27?
251b
In base 3, what is -100 + 111100102?
111100002
In base 9, what is -14 + -1717?
-1732
In base 12, what is -b1 + 171?
80
In base 13, what is 34 + -30ca5?
-30c71
In base 16, what is -5 - -3956b?
39566
In base 6, what is -3320 + 1?
-3315
In base 15, what is 801 - -124?
925
In base 6, what is -122250 - 132?
-122422
In base 2, what is -10111100 + 100010100100?
11111101000
In base 11, what is 466 - -479?
934
In base 16, what is -3 + -a658?
-a65b
In base 14, what is -15b - -10d?
-4c
In base 15, what is 17 - 174c4?
-174ac
In base 7, what is 566 + -24?
542
In base 5, what is 4 - -1411210?
1411214
In base 14, what is -1 + -98d9?
-98da
In base 3, what is -20112 + -11121101?
-11211220
In base 9, what is 22682 + 16?
22708
In base 16, what is 6 - -395?
39b
In base 2, what is -1111010001011101000 - -1001?
-1111010001011011111
In base 10, what is -329 + 51?
-278
In base 15, what is -8 + -939b?
-93a4
In base 12, what is 132383 - -5?
132388
In base 5, what is -122 - 2420100?
-2420222
In base 8, what is -2 + -32130?
-32132
In base 10, what is -2215 - 617?
-2832
In base 8, what is -5 + -30615?
-30622
In base 10, what is -1 - -183879?
183878
In base 7, what is -431 + -566?
-1330
In base 4, what is -3 - 2333122?
-2333131
In base 14, what is -1a8c - cb?
-1b79
In base 7, what is -4665 + -14?
-5012
In base 11, what is 399 + 1583?
1971
In base 8, what is -2003733 - -1?
-2003732
In base 15, what is 110 + d0b?
e1b
In base 7, what is -1210010 - 2?
-1210012
In base 7, what is -15 - 40114?
-40132
In base 9, what is 3713104 + 5?
3713110
In base 12, what is 13 - -42a5?
42b8
In base 11, what is 100a2 - 4?
10099
In base 4, what is 13013213 - 1?
13013212
In base 16, what is 7d7c2 + -4?
7d7be
In base 3, what is -20010110020 - -2?
-20010110011
In base 11, what is 10 - 3340?
-3330
In base 15, what is 4 - -178?
17c
In base 8, what is 26554711 - 5?
26554704
In base 10, what is 1488 - -38?
1526
In base 12, what is -496 + 1a23?
1549
In base 2, what is 111 + 100001011101?
100001100100
In base 10, what is 763367 + 4?
763371
In base 3, what is 110 - -2012120002?
2012120112
In base 9, what is 3 - -103478?
103482
In base 12, what is 525 - -12?
537
In base 14, what is -5a4 - c?
-5b2
In base 11, what is 18 + -1133a?
-11322
In base 13, what is 147a4 + -6?
1479b
In base 10, what is 12 - 3980?
-3968
In base 5, what is 4312 + 11221?
21033
In base 9, what is 70578 + -1?
70577
In base 14, what is -b - -b4c?
b41
In base 13, what is 2b4 - 280?
34
In base 12, what is -17 + 21232?
21217
In base 13, what is -668 + 0?
-668
In base 6, what is -31 - 25242?
-25313
In base 15, what is -704 + -e?
-713
In base 12, what is -1 - -4083?
4082
In base 15, what is 1a261 + 7?
1a268
In base 15, what is -13ab1 + -6?
-13ab7
In base 13, what is -2 + 72376?
72374
In base 5, what is 0 - -342101?
342101
In base 10, what is 5472 + -102?
5370
In base 14, what is 125 + -67?
9c
In base 15, what is 23 - -b492?
b4b5
In base 10, what is 64 - -7696?
7760
In base 10, what is 5 - -13756?
13761
In base 12, what is -4391a + -4?
-43922
In base 11, what is -5a62 + -4?
-5a66
In base 11, what is -6848 - -11?
-6837
In base 2, what is 10 - 10011100010?
-10011100000
In base 4, what is 1023132 + -1030?
1022102
In base 13, what is -c0 - -1823?
1733
In base 10, what is -318 - -1278?
960
In base 2, what is -100111 + 10000001110100?
10000001001101
In base 13, what is 1 - -2456?
2457
In base 16, what is -4 - -2232?
222e
In base 15, what is -31 - e2a?
-e5b
In base 16, what is -b - 27b23?
-27b2e
In base 8, what is 30 + 357?
407
In base 5, what is -22430421 + 1?
-22430420
In base 12, what is a47 + 236?
1081
In base 16, what is -122a2 - -18?
-1228a
In base 3, what is 1112 + -11101200011?
-11101121122
In base 9, what is 7 - -10686?
10704
In base 6, what is 20 - 2221210?
-2221150
In base 14, what is -164d - d7?
-1746
In base 15, what is -9b345 + 4?
-9b341
In base 13, what is b - -5088?
5096
In base 6, what is -51301 + -11?
-51312
In base 11, what is 1490 - 60?
1430
In base 15, what is 5 - 6278?
-6273
In base 4, what is -13212 - -1000?
-12212
In base 13, what is 1906a + 6?
19073
In base 10, what is 1083802 + 3?
1083805
In base 12, what is 6 + a7111?
a7117
In base 11, what is -132 + 13497?
13365
In base 4, what is 1022131 + 22?
1022213
In base 4, what is 11003221 + -232?
11002323
In base 9, what is -141881 - 4?
-141885
In base 10, what is 109667 + 1?
109668
In base 16, what is 22 - -2029?
204b
In base 2, what is 11101000110101110010 - 100?
11101000110101101110
In base 15, what is -2 - 65?
-67
In base 13, what is -c75 + 1b5?
-a90
In base 11, what is -24091 + 3?
-24089
In base 14, what is 17 - 50adc?
-50ac5
In base 12, what is -b - 585?
-594
In base 16, what is 27a + -6f?
20b
In base 2, what is -1 + 101101010101?
101101010100
In base 3, what is -2122 - -1122?
-1000
In base 14, what is -274 + -334?
-5a8
In base 3, what is -10120200120 - 12?
-10120200202
In base 3, what is 122122022201 + -12?
122122022112
In base 5, what is -30233 + -20?
-30303
In base 10, what is -403 - 38?
-441
In base 15, what is -28 - -2d7a?
2d52
In base 16, what is -21fe - 3?
-2201
In base 16, what is 3 + 398?
39b
In base 11, what is 0 + -61150?
-61150
In base 6, what is 4 - 322055?
-322051
In base 7, what is -2 + 146436?
146434
In base 9, what is -20 + 143566?
143546
In base 9, what is -3 - 13586?
-13600
In base 2, what is 1000101011 - -1011?
1000110110
In base 10, what is -1874 - 204?
-2078
In base 7, what is 6611 - 123?
6455
In base 10, what is -2 + 42133?
42131
In base 16, what is -4 - -92308?
92304
In base 14, what is -29b - 791?
-a4c
In base 8, what is -5645 - 5?
-5652
In base 8, what is -2 - -51131?
51127
In base 8, what is 30430 + 63?
30513
In base 7, what is -40 - -3510?
3440
In base 6, what is -3342 - 454?
-4240
In base 3, what is -1121 - -11220002?
11211111
In base 12, what is 6842 - 21?
6821
In base 3, what is 100202 + 21201021?
22002000
In base 5, what is -2221 - -302?
-1414
In base 2, what is -101 + -10111101000001?
-10111101000110
In base 10, what is -350776 - -5?
-350771
In base 5, what is 101044 + 1341?
102440
In base 4, what is -1 + -302010131?
-302010132
In base 8, what is 2 + 10455?
10457
In base 13, what is 748a - 73?
7417
In base 8, what is 27545 - -70?
27635
In base 7, what is 35 - -560631?
560666
In base 9, what is -38108 + -5?
-38114
In base 3, what is -21 + -120102112?
-120102210
In base 16, what is e65 